{"id":2656,"date":"2020-03-22T11:56:14","date_gmt":"2020-03-22T10:56:14","guid":{"rendered":"http:\/\/elexim.net\/elektromobilita\/?page_id=2656"},"modified":"2022-11-20T20:17:21","modified_gmt":"2022-11-20T19:17:21","slug":"dokumenty","status":"publish","type":"page","link":"https:\/\/elexim.net\/elektromobilita\/dokumenty\/","title":{"rendered":"Dokumenty"},"content":{"rendered":"\n    \n   <div class=\"produkty\" data-aos=\"fade-up\" data-aos-delay=\"100\" data-aos-duration=\"900\" data-aos-offset=\"50\">\n     \n                <div class=\"col-lg-12\">\n            <h2>Z\u00e1kladn\u00ed dokumenty spole\u010dnosti<\/h2>\n         <\/div>\n            \n            \n      \n<div class=\"col-md-12 pad-0\" style=\"overflow-x:auto;\">\n <table class=\"table\">\n    <thead>\n      <tr>\n        <th>N\u00e1zev souboru<\/th>\n        <th>Typ<\/th>\n        <th>Vytvo\u0159eno<\/th>\n        <th>Platn\u00e9<\/th>\n        <th>Akce<\/th>\n      <\/tr>\n    <\/thead> \n          <tbody>\n                       \n       \n         \n\n    \n      <tr>\n        <td>ISO 9001 Elexim, a.s.<\/td>\n        <td>JPG<\/td>\n        <td>2020<\/td>\n        <td>Ano<\/td>\n        <td><a href=\"https:\/\/elexim.net\/elektromobilita\/wp-content\/uploads\/sites\/2\/2020\/04\/iso_cz_2017.jpg\" target=\"_blank\"><span class=\"glyphicon glyphicon-download-alt\" aria-hidden=\"true\"><\/span> St\u00e1hnout<\/a><\/td>\n      <\/tr>\n\n         \n \n      \n      \n                       \n       \n         \n\n    \n      <tr>\n        <td>V\u00fdpis z rejst\u0159\u00edku Elexim, a.s.<\/td>\n        <td>PDF<\/td>\n        <td>2020<\/td>\n        <td>Ano<\/td>\n        <td><a href=\"https:\/\/elexim.net\/elektromobilita\/wp-content\/uploads\/sites\/2\/2020\/04\/vypis-z-rejstr\u030ci\u0301ku-Elexim.pdf\" target=\"_blank\"><span class=\"glyphicon glyphicon-download-alt\" aria-hidden=\"true\"><\/span> St\u00e1hnout<\/a><\/td>\n      <\/tr>\n\n         \n \n      \n      \n                       \n       \n         \n\n    \n      <tr>\n        <td>Potvrzen\u00ed o veden\u00ed bankovn\u00edho \u00fa\u010dtu Elexim, a.s.<\/td>\n        <td>PDF<\/td>\n        <td>2020<\/td>\n        <td>Ano<\/td>\n        <td><a href=\"https:\/\/elexim.net\/elektromobilita\/wp-content\/uploads\/sites\/2\/2020\/04\/Potvrzeni\u0301_o_vedeni\u0301_BU\u0301.pdf\" target=\"_blank\"><span class=\"glyphicon glyphicon-download-alt\" aria-hidden=\"true\"><\/span> St\u00e1hnout<\/a><\/td>\n      <\/tr>\n\n         \n \n      \n      \n                       \n       \n         \n\n    \n      <tr>\n        <td>Potvrzen\u00ed o registraci pl\u00e1tce DPH Elexim, a.s.<\/td>\n        <td>PDF<\/td>\n        <td>2020<\/td>\n        <td>Ano<\/td>\n        <td><a href=\"https:\/\/elexim.net\/elektromobilita\/wp-content\/uploads\/sites\/2\/2020\/04\/DPH-Elexim.pdf\" target=\"_blank\"><span class=\"glyphicon glyphicon-download-alt\" aria-hidden=\"true\"><\/span> St\u00e1hnout<\/a><\/td>\n      <\/tr>\n\n         \n \n      \n      \n                 <\/tbody>\n  <\/table>        \n<\/div>  \n                \n      \n      \n   <\/div> \n    \n   <div class=\"produkty\" data-aos=\"fade-up\" data-aos-delay=\"100\" data-aos-duration=\"900\" data-aos-offset=\"50\">\n     \n                <div class=\"col-lg-12\">\n            <h2>N\u00e1vody k pou\u017eit\u00ed<\/h2>\n         <\/div>\n            \n            \n      \n<div class=\"col-md-12 pad-0\" style=\"overflow-x:auto;\">\n <table class=\"table\">\n    <thead>\n      <tr>\n        <th>N\u00e1zev souboru<\/th>\n        <th>Typ<\/th>\n        <th>Vytvo\u0159eno<\/th>\n        <th>Platn\u00e9<\/th>\n        <th>Akce<\/th>\n      <\/tr>\n    <\/thead> \n          <tbody>\n                       \n       \n         \n\n    \n      <tr>\n        <td>MyBox Home 22kW | Nastaven\u00ed \u0159\u00edd\u00edc\u00ed jednotky<\/td>\n        <td>PDF<\/td>\n        <td>2022<\/td>\n        <td>Ano<\/td>\n        <td><a href=\"https:\/\/elexim.net\/elektromobilita\/wp-content\/uploads\/sites\/2\/2022\/10\/MyBoxHome_22kW_nastaveni_RJ.pdf\" target=\"_blank\"><span class=\"glyphicon glyphicon-download-alt\" aria-hidden=\"true\"><\/span> St\u00e1hnout<\/a><\/td>\n      <\/tr>\n\n         \n \n      \n      \n                       \n       \n         \n\n    \n      <tr>\n        <td>MyBox Home 22kW | Nastaven\u00ed Modbus (mapa registr\u016f)<\/td>\n        <td>PDF<\/td>\n        <td>2022<\/td>\n        <td>Ano<\/td>\n        <td><a href=\"https:\/\/elexim.net\/elektromobilita\/wp-content\/uploads\/sites\/2\/2022\/10\/MyBoxHome_22kW_nastaveni_Modbus.pdf\" target=\"_blank\"><span class=\"glyphicon glyphicon-download-alt\" aria-hidden=\"true\"><\/span> St\u00e1hnout<\/a><\/td>\n      <\/tr>\n\n         \n \n      \n      \n                       \n       \n         \n\n    \n      <tr>\n        <td>MyBox Profi 2x22kW | Nastaven\u00ed \u0159\u00edd\u00edc\u00ed jednotky<\/td>\n        <td>PDF<\/td>\n        <td>2022<\/td>\n        <td>Ano<\/td>\n        <td><a href=\"https:\/\/elexim.net\/elektromobilita\/wp-content\/uploads\/sites\/2\/2022\/10\/MyBoxProfi_2x22kW_nastaveni_RJ.pdf\" target=\"_blank\"><span class=\"glyphicon glyphicon-download-alt\" aria-hidden=\"true\"><\/span> St\u00e1hnout<\/a><\/td>\n      <\/tr>\n\n         \n \n      \n      \n                       \n       \n         \n\n    \n      <tr>\n        <td>MyBox Profi 2x22kW | Instalace a nastaven\u00ed elektrom\u011bru DLM<\/td>\n        <td>PDF<\/td>\n        <td>2022<\/td>\n        <td>Ano<\/td>\n        <td><a href=\"https:\/\/elexim.net\/elektromobilita\/wp-content\/uploads\/sites\/2\/2022\/11\/MyBoxProfi_2x22kW_DLM.pdf\" target=\"_blank\"><span class=\"glyphicon glyphicon-download-alt\" aria-hidden=\"true\"><\/span> St\u00e1hnout<\/a><\/td>\n      <\/tr>\n\n         \n \n      \n      \n                 <\/tbody>\n  <\/table>        \n<\/div>  \n                \n      \n      \n   <\/div> \n    \n   <div class=\"produkty\" data-aos=\"fade-up\" data-aos-delay=\"100\" data-aos-duration=\"900\" data-aos-offset=\"50\">\n     \n                <div class=\"col-lg-12\">\n            <h2>Instala\u010dn\u00ed manu\u00e1ly<\/h2>\n         <\/div>\n            \n            \n      \n<div class=\"col-md-12 pad-0\" style=\"overflow-x:auto;\">\n <table class=\"table\">\n    <thead>\n      <tr>\n        <th>N\u00e1zev souboru<\/th>\n        <th>Typ<\/th>\n        <th>Vytvo\u0159eno<\/th>\n        <th>Platn\u00e9<\/th>\n        <th>Akce<\/th>\n      <\/tr>\n    <\/thead> \n          <tbody>\n                       \n       \n         \n\n    \n      <tr>\n        <td>MyBox Home 22kW | Instala\u010dn\u00ed manu\u00e1l CZ<\/td>\n        <td>PDF<\/td>\n        <td>2022<\/td>\n        <td>Ano<\/td>\n        <td><a href=\"https:\/\/elexim.net\/elektromobilita\/wp-content\/uploads\/sites\/2\/2022\/10\/MyBoxHome_22kW_instalacni_manual_082022_CZ.pdf\" target=\"_blank\"><span class=\"glyphicon glyphicon-download-alt\" aria-hidden=\"true\"><\/span> St\u00e1hnout<\/a><\/td>\n      <\/tr>\n\n         \n \n      \n      \n                       \n       \n         \n\n    \n      <tr>\n        <td>MyBox Home 22kW | Instala\u010dn\u00ed manu\u00e1l SK<\/td>\n        <td>PDF<\/td>\n        <td>2022<\/td>\n        <td>Ano<\/td>\n        <td><a href=\"https:\/\/elexim.net\/elektromobilita\/wp-content\/uploads\/sites\/2\/2022\/10\/MyBoxHome_22kW_instalacni_manual_082022_SK.pdf\" target=\"_blank\"><span class=\"glyphicon glyphicon-download-alt\" aria-hidden=\"true\"><\/span> St\u00e1hnout<\/a><\/td>\n      <\/tr>\n\n         \n \n      \n      \n                       \n       \n         \n\n    \n      <tr>\n        <td>MyBox Profi 2x22kW | Instala\u010dn\u00ed manu\u00e1l CZ<\/td>\n        <td>PDF<\/td>\n        <td>2022<\/td>\n        <td>Ano<\/td>\n        <td><a href=\"https:\/\/elexim.net\/elektromobilita\/wp-content\/uploads\/sites\/2\/2022\/10\/MyBoxProfi_-2x22kW_instalacni_manual_CZ.pdf\" target=\"_blank\"><span class=\"glyphicon glyphicon-download-alt\" aria-hidden=\"true\"><\/span> St\u00e1hnout<\/a><\/td>\n      <\/tr>\n\n         \n \n      \n      \n                 <\/tbody>\n  <\/table>        \n<\/div>  \n                \n      \n      \n   <\/div> \n    \n   <div class=\"produkty\" data-aos=\"fade-up\" data-aos-delay=\"100\" data-aos-duration=\"900\" data-aos-offset=\"50\">\n     \n                <div class=\"col-lg-12\">\n            <h2>Dal\u0161\u00ed dokumenty<\/h2>\n         <\/div>\n            \n            \n      \n<div class=\"col-md-12 pad-0\" style=\"overflow-x:auto;\">\n <table class=\"table\">\n    <thead>\n      <tr>\n        <th>N\u00e1zev souboru<\/th>\n        <th>Typ<\/th>\n        <th>Vytvo\u0159eno<\/th>\n        <th>Platn\u00e9<\/th>\n        <th>Akce<\/th>\n      <\/tr>\n    <\/thead> \n          <tbody>\n                       \n       \n         \n\n    \n      <tr>\n        <td>EU prohl\u00e1\u0161en\u00ed o shod\u011b (CE) pro nab\u00edjec\u00ed stanice MyBox<\/td>\n        <td>PDF<\/td>\n        <td>2022<\/td>\n        <td>Ano<\/td>\n        <td><a href=\"https:\/\/elexim.net\/elektromobilita\/wp-content\/uploads\/sites\/2\/2022\/10\/EU-prohlaseni-o-shode_MyBox.pdf\" target=\"_blank\"><span class=\"glyphicon glyphicon-download-alt\" aria-hidden=\"true\"><\/span> St\u00e1hnout<\/a><\/td>\n      <\/tr>\n\n         \n \n      \n      \n                 <\/tbody>\n  <\/table>        \n<\/div>  \n                \n      \n      \n   <\/div> \n        \n \n    \n\n\n\n\n<p><\/p>\n","protected":false},"excerpt":{"rendered":"","protected":false},"author":1,"featured_media":0,"parent":0,"menu_order":0,"comment_status":"closed","ping_status":"closed","template":"","meta":[],"yoast_head":"<!-- This site is optimized with the Yoast SEO plugin v16.2 - https:\/\/yoast.com\/wordpress\/plugins\/seo\/ -->\n<meta name=\"robots\" content=\"index, follow, max-snippet:-1, max-image-preview:large, max-video-preview:-1\" \/>\n<link rel=\"canonical\" href=\"https:\/\/elexim.net\/elektromobilita\/dokumenty\/\" \/>\n<meta property=\"og:locale\" content=\"cs_CZ\" \/>\n<meta property=\"og:type\" content=\"article\" \/>\n<meta property=\"og:title\" content=\"Dokumenty - ELEXIM - Elektromobilita\" \/>\n<meta property=\"og:url\" content=\"https:\/\/elexim.net\/elektromobilita\/dokumenty\/\" \/>\n<meta property=\"og:site_name\" content=\"ELEXIM - Elektromobilita\" \/>\n<meta property=\"article:publisher\" content=\"https:\/\/www.facebook.com\/eleximemobilita\/\" \/>\n<meta property=\"article:modified_time\" content=\"2022-11-20T19:17:21+00:00\" \/>\n<meta name=\"twitter:card\" content=\"summary_large_image\" \/>\n<script type=\"application\/ld+json\" class=\"yoast-schema-graph\">{\"@context\":\"https:\/\/schema.org\",\"@graph\":[{\"@type\":\"WebSite\",\"@id\":\"https:\/\/elexim.net\/elektromobilita\/#website\",\"url\":\"https:\/\/elexim.net\/elektromobilita\/\",\"name\":\"ELEXIM - Elektromobilita\",\"description\":\"Nab\\u00edz\\u00edme kompletn\\u00ed sortiment a \\u0159e\\u0161en\\u00ed v\\u00fdrobc\\u016f CIRCONTROL a APLITRONIC \\u2013 co\\u017e jsou nab\\u00edjec\\u00ed stanice, kter\\u00e9 dok\\u00e1zaly svou stabilitu, vysokou kvalitu materi\\u00e1l\\u016f a proveden\\u00ed. D\\u00edky tomu jsou spolehliv\\u00e9 pro jak\\u00fdkoliv provoz.\",\"potentialAction\":[{\"@type\":\"SearchAction\",\"target\":\"https:\/\/elexim.net\/elektromobilita\/?s={search_term_string}\",\"query-input\":\"required name=search_term_string\"}],\"inLanguage\":\"cs\"},{\"@type\":\"WebPage\",\"@id\":\"https:\/\/elexim.net\/elektromobilita\/dokumenty\/#webpage\",\"url\":\"https:\/\/elexim.net\/elektromobilita\/dokumenty\/\",\"name\":\"Dokumenty - ELEXIM - Elektromobilita\",\"isPartOf\":{\"@id\":\"https:\/\/elexim.net\/elektromobilita\/#website\"},\"datePublished\":\"2020-03-22T10:56:14+00:00\",\"dateModified\":\"2022-11-20T19:17:21+00:00\",\"breadcrumb\":{\"@id\":\"https:\/\/elexim.net\/elektromobilita\/dokumenty\/#breadcrumb\"},\"inLanguage\":\"cs\",\"potentialAction\":[{\"@type\":\"ReadAction\",\"target\":[\"https:\/\/elexim.net\/elektromobilita\/dokumenty\/\"]}]},{\"@type\":\"BreadcrumbList\",\"@id\":\"https:\/\/elexim.net\/elektromobilita\/dokumenty\/#breadcrumb\",\"itemListElement\":[{\"@type\":\"ListItem\",\"position\":1,\"item\":{\"@type\":\"WebPage\",\"@id\":\"https:\/\/elexim.net\/elektromobilita\/\",\"url\":\"https:\/\/elexim.net\/elektromobilita\/\",\"name\":\"Dom\\u016f\"}},{\"@type\":\"ListItem\",\"position\":2,\"item\":{\"@id\":\"https:\/\/elexim.net\/elektromobilita\/dokumenty\/#webpage\"}}]}]}<\/script>\n<!-- \/ Yoast SEO plugin. -->","guten_post_layout_featured_media_urls":{"full":false,"thumbnail":false,"medium":false,"medium_large":false,"large":false,"1536x1536":false,"2048x2048":false,"thumb":false,"produkt":false,"header":false,"guten_post_layout_landscape_large":false,"guten_post_layout_portrait_large":false,"guten_post_layout_square_large":false,"guten_post_layout_landscape":false,"guten_post_layout_portrait":false,"guten_post_layout_square":false},"_links":{"self":[{"href":"https:\/\/elexim.net\/elektromobilita\/wp-json\/wp\/v2\/pages\/2656"}],"collection":[{"href":"https:\/\/elexim.net\/elektromobilita\/wp-json\/wp\/v2\/pages"}],"about":[{"href":"https:\/\/elexim.net\/elektromobilita\/wp-json\/wp\/v2\/types\/page"}],"author":[{"embeddable":true,"href":"https:\/\/elexim.net\/elektromobilita\/wp-json\/wp\/v2\/users\/1"}],"replies":[{"embeddable":true,"href":"https:\/\/elexim.net\/elektromobilita\/wp-json\/wp\/v2\/comments?post=2656"}],"version-history":[{"count":36,"href":"https:\/\/elexim.net\/elektromobilita\/wp-json\/wp\/v2\/pages\/2656\/revisions"}],"predecessor-version":[{"id":4281,"href":"https:\/\/elexim.net\/elektromobilita\/wp-json\/wp\/v2\/pages\/2656\/revisions\/4281"}],"wp:attachment":[{"href":"https:\/\/elexim.net\/elektromobilita\/wp-json\/wp\/v2\/media?parent=2656"}],"curies":[{"name":"wp","href":"https:\/\/api.w.org\/{rel}","templated":true}]}}