{"id":133,"date":"2019-03-28T08:23:23","date_gmt":"2019-03-28T07:23:23","guid":{"rendered":"http:\/\/elexim.net\/elektrotechnika\/?page_id=133"},"modified":"2020-04-30T10:09:42","modified_gmt":"2020-04-30T08:09:42","slug":"pristroje-nizkeho-napeti","status":"publish","type":"page","link":"https:\/\/elexim.net\/elektrotechnika\/pristroje-nizkeho-napeti\/","title":{"rendered":"P\u0159\u00edstroje n\u00edzk\u00e9ho nap\u011bt\u00ed"},"content":{"rendered":"\n<p>Nab\u00edz\u00edme kompletn\u00ed sortiment v\u00fdrobk\u016f n\u00edzk\u00e9ho nap\u011bt\u00ed pro elektrickou instalaci a elektrick\u00e9 rozvody, ochrann\u00e9 p\u0159\u00edstroje a prvky, p\u0159\u00edstroje pro m\u011b\u0159en\u00ed elektrick\u00e9 energie. Nab\u00eddka v\u00fdrobk\u016f ABB pokr\u00fdv\u00e1 po\u017eadavky pr\u016fmyslov\u00e9ho prost\u0159ed\u00ed, komer\u010dn\u00edch budov i dom\u00e1cnost\u00ed. Vyp\u00edna\u010de a z\u00e1suvky, domovn\u00ed videotelefony, jisti\u010de, rozvad\u011b\u010de, rozvodnice a mont\u00e1\u017en\u00ed sk\u0159\u00edn\u011b a mnoho dal\u0161\u00edch v\u00fdrobk\u016f od ABB je z\u00e1rukou kvality a spolehlivosti.<\/p>\n","protected":false},"excerpt":{"rendered":"<p>Nab\u00edz\u00edme kompletn\u00ed sortiment v\u00fdrobk\u016f n\u00edzk\u00e9ho nap\u011bt\u00ed pro elektrickou instalaci a elektrick\u00e9 rozvody, ochrann\u00e9 p\u0159\u00edstroje a prvky, p\u0159\u00edstroje pro m\u011b\u0159en\u00ed elektrick\u00e9 energie. Nab\u00eddka v\u00fdrobk\u016f ABB pokr\u00fdv\u00e1 po\u017eadavky pr\u016fmyslov\u00e9ho prost\u0159ed\u00ed, komer\u010dn\u00edch budov&nbsp;&#8230;<\/p>\n","protected":false},"author":1,"featured_media":145,"parent":0,"menu_order":1,"comment_status":"closed","ping_status":"closed","template":"produkty.php","meta":[],"yoast_head":"<!-- This site is optimized with the Yoast SEO plugin v16.2 - https:\/\/yoast.com\/wordpress\/plugins\/seo\/ -->\n<meta name=\"robots\" content=\"index, follow, max-snippet:-1, max-image-preview:large, max-video-preview:-1\" \/>\n<link rel=\"canonical\" href=\"https:\/\/elexim.net\/elektrotechnika\/pristroje-nizkeho-napeti\/\" \/>\n<meta property=\"og:locale\" content=\"cs_CZ\" \/>\n<meta property=\"og:type\" content=\"article\" \/>\n<meta property=\"og:title\" content=\"P\u0159\u00edstroje n\u00edzk\u00e9ho nap\u011bt\u00ed - ELEXIM - Elektrotechnika\" \/>\n<meta property=\"og:description\" content=\"Nab\u00edz\u00edme kompletn\u00ed sortiment v\u00fdrobk\u016f n\u00edzk\u00e9ho nap\u011bt\u00ed pro elektrickou instalaci a elektrick\u00e9 rozvody, ochrann\u00e9 p\u0159\u00edstroje a prvky, p\u0159\u00edstroje pro m\u011b\u0159en\u00ed elektrick\u00e9 energie. Nab\u00eddka v\u00fdrobk\u016f ABB pokr\u00fdv\u00e1 po\u017eadavky pr\u016fmyslov\u00e9ho prost\u0159ed\u00ed, komer\u010dn\u00edch budov&nbsp;...\" \/>\n<meta property=\"og:url\" content=\"https:\/\/elexim.net\/elektrotechnika\/pristroje-nizkeho-napeti\/\" \/>\n<meta property=\"og:site_name\" content=\"ELEXIM - Elektrotechnika\" \/>\n<meta property=\"article:modified_time\" content=\"2020-04-30T08:09:42+00:00\" \/>\n<meta property=\"og:image\" content=\"https:\/\/elexim.net\/elektrotechnika\/wp-content\/uploads\/sites\/5\/2019\/03\/e1.png\" \/>\n\t<meta property=\"og:image:width\" content=\"622\" \/>\n\t<meta property=\"og:image:height\" content=\"428\" \/>\n<meta name=\"twitter:card\" content=\"summary_large_image\" \/>\n<script type=\"application\/ld+json\" class=\"yoast-schema-graph\">{\"@context\":\"https:\/\/schema.org\",\"@graph\":[{\"@type\":\"WebSite\",\"@id\":\"https:\/\/elexim.net\/elektrotechnika\/#website\",\"url\":\"https:\/\/elexim.net\/elektrotechnika\/\",\"name\":\"ELEXIM - Elektrotechnika\",\"description\":\"ELEXIM, a.s. je ofici\\u00e1ln\\u00edm distributorem produkt\\u016f ABB od roku 2000 a d\\u00edky bohat\\u00fdm zku\\u0161enostem a \\u0161irok\\u00e9 podpory od v\\u00fdrobce, \\u00fasp\\u011b\\u0161n\\u011b dod\\u00e1v\\u00e1 jejich produkty na trhy po cel\\u00e9m sv\\u011bt\\u011b.\",\"potentialAction\":[{\"@type\":\"SearchAction\",\"target\":\"https:\/\/elexim.net\/elektrotechnika\/?s={search_term_string}\",\"query-input\":\"required name=search_term_string\"}],\"inLanguage\":\"cs\"},{\"@type\":\"ImageObject\",\"@id\":\"https:\/\/elexim.net\/elektrotechnika\/pristroje-nizkeho-napeti\/#primaryimage\",\"inLanguage\":\"cs\",\"url\":\"https:\/\/elexim.net\/elektrotechnika\/wp-content\/uploads\/sites\/5\/2019\/03\/e1.png\",\"contentUrl\":\"https:\/\/elexim.net\/elektrotechnika\/wp-content\/uploads\/sites\/5\/2019\/03\/e1.png\",\"width\":622,\"height\":428},{\"@type\":\"WebPage\",\"@id\":\"https:\/\/elexim.net\/elektrotechnika\/pristroje-nizkeho-napeti\/#webpage\",\"url\":\"https:\/\/elexim.net\/elektrotechnika\/pristroje-nizkeho-napeti\/\",\"name\":\"P\\u0159\\u00edstroje n\\u00edzk\\u00e9ho nap\\u011bt\\u00ed - ELEXIM - Elektrotechnika\",\"isPartOf\":{\"@id\":\"https:\/\/elexim.net\/elektrotechnika\/#website\"},\"primaryImageOfPage\":{\"@id\":\"https:\/\/elexim.net\/elektrotechnika\/pristroje-nizkeho-napeti\/#primaryimage\"},\"datePublished\":\"2019-03-28T07:23:23+00:00\",\"dateModified\":\"2020-04-30T08:09:42+00:00\",\"breadcrumb\":{\"@id\":\"https:\/\/elexim.net\/elektrotechnika\/pristroje-nizkeho-napeti\/#breadcrumb\"},\"inLanguage\":\"cs\",\"potentialAction\":[{\"@type\":\"ReadAction\",\"target\":[\"https:\/\/elexim.net\/elektrotechnika\/pristroje-nizkeho-napeti\/\"]}]},{\"@type\":\"BreadcrumbList\",\"@id\":\"https:\/\/elexim.net\/elektrotechnika\/pristroje-nizkeho-napeti\/#breadcrumb\",\"itemListElement\":[{\"@type\":\"ListItem\",\"position\":1,\"item\":{\"@type\":\"WebPage\",\"@id\":\"https:\/\/elexim.net\/elektrotechnika\/\",\"url\":\"https:\/\/elexim.net\/elektrotechnika\/\",\"name\":\"Dom\\u016f\"}},{\"@type\":\"ListItem\",\"position\":2,\"item\":{\"@id\":\"https:\/\/elexim.net\/elektrotechnika\/pristroje-nizkeho-napeti\/#webpage\"}}]}]}<\/script>\n<!-- \/ Yoast SEO plugin. -->","guten_post_layout_featured_media_urls":{"full":["https:\/\/elexim.net\/elektrotechnika\/wp-content\/uploads\/sites\/5\/2019\/03\/e1.png",622,428,false],"thumbnail":["https:\/\/elexim.net\/elektrotechnika\/wp-content\/uploads\/sites\/5\/2019\/03\/e1-150x150.png",150,150,true],"medium":["https:\/\/elexim.net\/elektrotechnika\/wp-content\/uploads\/sites\/5\/2019\/03\/e1-300x206.png",300,206,true],"medium_large":["https:\/\/elexim.net\/elektrotechnika\/wp-content\/uploads\/sites\/5\/2019\/03\/e1.png",622,428,false],"large":["https:\/\/elexim.net\/elektrotechnika\/wp-content\/uploads\/sites\/5\/2019\/03\/e1.png",622,428,false],"1536x1536":["https:\/\/elexim.net\/elektrotechnika\/wp-content\/uploads\/sites\/5\/2019\/03\/e1.png",622,428,false],"2048x2048":["https:\/\/elexim.net\/elektrotechnika\/wp-content\/uploads\/sites\/5\/2019\/03\/e1.png",622,428,false],"thumb":["https:\/\/elexim.net\/elektrotechnika\/wp-content\/uploads\/sites\/5\/2019\/03\/e1-150x150.png",150,150,true],"produkt":["https:\/\/elexim.net\/elektrotechnika\/wp-content\/uploads\/sites\/5\/2019\/03\/e1.png",622,428,false],"header":["https:\/\/elexim.net\/elektrotechnika\/wp-content\/uploads\/sites\/5\/2019\/03\/e1.png",622,428,false],"guten_post_layout_landscape_large":["https:\/\/elexim.net\/elektrotechnika\/wp-content\/uploads\/sites\/5\/2019\/03\/e1.png",622,428,false],"guten_post_layout_portrait_large":["https:\/\/elexim.net\/elektrotechnika\/wp-content\/uploads\/sites\/5\/2019\/03\/e1.png",622,428,false],"guten_post_layout_square_large":["https:\/\/elexim.net\/elektrotechnika\/wp-content\/uploads\/sites\/5\/2019\/03\/e1.png",622,428,false],"guten_post_layout_landscape":["https:\/\/elexim.net\/elektrotechnika\/wp-content\/uploads\/sites\/5\/2019\/03\/e1.png",581,400,false],"guten_post_layout_portrait":["https:\/\/elexim.net\/elektrotechnika\/wp-content\/uploads\/sites\/5\/2019\/03\/e1.png",600,413,false],"guten_post_layout_square":["https:\/\/elexim.net\/elektrotechnika\/wp-content\/uploads\/sites\/5\/2019\/03\/e1.png",600,413,false]},"_links":{"self":[{"href":"https:\/\/elexim.net\/elektrotechnika\/wp-json\/wp\/v2\/pages\/133"}],"collection":[{"href":"https:\/\/elexim.net\/elektrotechnika\/wp-json\/wp\/v2\/pages"}],"about":[{"href":"https:\/\/elexim.net\/elektrotechnika\/wp-json\/wp\/v2\/types\/page"}],"author":[{"embeddable":true,"href":"https:\/\/elexim.net\/elektrotechnika\/wp-json\/wp\/v2\/users\/1"}],"replies":[{"embeddable":true,"href":"https:\/\/elexim.net\/elektrotechnika\/wp-json\/wp\/v2\/comments?post=133"}],"version-history":[{"count":54,"href":"https:\/\/elexim.net\/elektrotechnika\/wp-json\/wp\/v2\/pages\/133\/revisions"}],"predecessor-version":[{"id":1181,"href":"https:\/\/elexim.net\/elektrotechnika\/wp-json\/wp\/v2\/pages\/133\/revisions\/1181"}],"wp:featuredmedia":[{"embeddable":true,"href":"https:\/\/elexim.net\/elektrotechnika\/wp-json\/wp\/v2\/media\/145"}],"wp:attachment":[{"href":"https:\/\/elexim.net\/elektrotechnika\/wp-json\/wp\/v2\/media?parent=133"}],"curies":[{"name":"wp","href":"https:\/\/api.w.org\/{rel}","templated":true}]}}